{"id":242,"date":"2023-05-10T16:22:49","date_gmt":"2023-05-10T14:22:49","guid":{"rendered":"https:\/\/www.domerego.com\/?page_id=242"},"modified":"2023-12-28T09:59:18","modified_gmt":"2023-12-28T08:59:18","slug":"editeur","status":"publish","type":"page","link":"https:\/\/www.domerego.com\/?page_id=242","title":{"rendered":"EDITEUR"},"content":{"rendered":"\t\t<div data-elementor-type=\"wp-page\" data-elementor-id=\"242\" class=\"elementor elementor-242\">\n\t\t\t\t\t\t\t\t\t<section class=\"elementor-section elementor-top-section elementor-element elementor-element-d23ee13 ct-section-stretched elementor-section-full_width elementor-section-height-default elementor-section-height-default wpr-particle-no wpr-jarallax-no wpr-parallax-no wpr-sticky-section-no\" data-id=\"d23ee13\" data-element_type=\"section\" data-settings=\"{&quot;background_background&quot;:&quot;classic&quot;}\">\n\t\t\t\t\t\t<div class=\"elementor-container elementor-column-gap-default\">\n\t\t\t\t\t<div class=\"elementor-column elementor-col-100 elementor-top-column elementor-element elementor-element-b6d9cbb\" data-id=\"b6d9cbb\" data-element_type=\"column\" data-settings=\"{&quot;background_background&quot;:&quot;classic&quot;}\">\n\t\t\t<div class=\"elementor-widget-wrap elementor-element-populated\">\n\t\t\t\t\t\t\t\t<section class=\"elementor-section elementor-inner-section elementor-element elementor-element-d523e35 elementor-section-boxed elementor-section-height-default elementor-section-height-default wpr-particle-no wpr-jarallax-no wpr-parallax-no wpr-sticky-section-no\" data-id=\"d523e35\" data-element_type=\"section\">\n\t\t\t\t\t\t<div class=\"elementor-container elementor-column-gap-default\">\n\t\t\t\t\t<div class=\"elementor-column elementor-col-100 elementor-inner-column elementor-element elementor-element-85687ef\" data-id=\"85687ef\" data-element_type=\"column\">\n\t\t\t<div class=\"elementor-widget-wrap elementor-element-populated\">\n\t\t\t\t\t\t\t\t<div class=\"elementor-element elementor-element-941a120 wpr-advanced-text-style-highlighted elementor-widget elementor-widget-wpr-advanced-text\" data-id=\"941a120\" data-element_type=\"widget\" data-widget_type=\"wpr-advanced-text.default\">\n\t\t\t\t<div class=\"elementor-widget-container\">\n\t\t\t\n\t\t<h3 class=\"wpr-advanced-text\">\n\n\t\t\t\t\t\n\t\t\t\t\t\t\t<span class=\"wpr-advanced-text-preffix\">Roch Domerego s'est \u00e9galement engag\u00e9 en tant qu'\u00e9diteur, supervisant la publication de livres \u00e9crits par d'autres sp\u00e9cialistes de l'apiculture et de l'apith\u00e9rapie ou d\u2019autres sujet se r\u00e9f\u00e9rant toujours \u00e0 une \u00e9cologie qu\u2019elle soit du corps ou de l\u2019esprit.<\/span>\n\t\t\t\n\t\t<span class=\"wpr-highlighted-text\">\n\t\t\t\t\t\n\t\t\t<span class=\"wpr-highlighted-text-inner\"><\/span>\n\n\t\t\t<svg xmlns=\"http:\/\/www.w3.org\/2000\/svg\" viewBox=\"0 0 500 150\" class=\"wpr-highlight-underline\" preserveAspectRatio=\"none\">\n\t\t\t\t\t\t\t\t<path d=\"M.68,28.11c110.51-22,247.46-34.55,400.89-14.68,32.94,4.27,64.42,9.74,94.37,16.09\"><\/path>\n\t\t\t\t\t\t\t<\/svg>\n\t\t\t\t\t<\/span>\n\t\t\t\t\n\t\t<\/h3>\n\t\t\n\t\t\t\t<\/div>\n\t\t\t\t<\/div>\n\t\t\t\t\t<\/div>\n\t\t<\/div>\n\t\t\t\t\t\t\t<\/div>\n\t\t<\/section>\n\t\t\t\t\t<\/div>\n\t\t<\/div>\n\t\t\t\t\t\t\t<\/div>\n\t\t<\/section>\n\t\t\t\t<section class=\"elementor-section elementor-top-section elementor-element elementor-element-522f390 ct-section-stretched elementor-section-full_width elementor-section-height-default elementor-section-height-default wpr-particle-no wpr-jarallax-no wpr-parallax-no wpr-sticky-section-no\" data-id=\"522f390\" data-element_type=\"section\">\n\t\t\t\t\t\t<div class=\"elementor-container elementor-column-gap-default\">\n\t\t\t\t\t<div class=\"elementor-column elementor-col-100 elementor-top-column elementor-element elementor-element-b9ac6da\" data-id=\"b9ac6da\" data-element_type=\"column\">\n\t\t\t<div class=\"elementor-widget-wrap elementor-element-populated\">\n\t\t\t\t\t\t\t\t<div class=\"elementor-element elementor-element-377d273 elementor-widget elementor-widget-spacer\" data-id=\"377d273\" data-element_type=\"widget\" data-widget_type=\"spacer.default\">\n\t\t\t\t<div class=\"elementor-widget-container\">\n\t\t\t<style>\/*! elementor - v3.17.0 - 08-11-2023 *\/\n.elementor-column .elementor-spacer-inner{height:var(--spacer-size)}.e-con{--container-widget-width:100%}.e-con-inner>.elementor-widget-spacer,.e-con>.elementor-widget-spacer{width:var(--container-widget-width,var(--spacer-size));--align-self:var(--container-widget-align-self,initial);--flex-shrink:0}.e-con-inner>.elementor-widget-spacer>.elementor-widget-container,.e-con>.elementor-widget-spacer>.elementor-widget-container{height:100%;width:100%}.e-con-inner>.elementor-widget-spacer>.elementor-widget-container>.elementor-spacer,.e-con>.elementor-widget-spacer>.elementor-widget-container>.elementor-spacer{height:100%}.e-con-inner>.elementor-widget-spacer>.elementor-widget-container>.elementor-spacer>.elementor-spacer-inner,.e-con>.elementor-widget-spacer>.elementor-widget-container>.elementor-spacer>.elementor-spacer-inner{height:var(--container-widget-height,var(--spacer-size))}.e-con-inner>.elementor-widget-spacer.elementor-widget-empty,.e-con>.elementor-widget-spacer.elementor-widget-empty{position:relative;min-height:22px;min-width:22px}.e-con-inner>.elementor-widget-spacer.elementor-widget-empty .elementor-widget-empty-icon,.e-con>.elementor-widget-spacer.elementor-widget-empty .elementor-widget-empty-icon{position:absolute;top:0;bottom:0;left:0;right:0;margin:auto;padding:0;width:22px;height:22px}<\/style>\t\t<div class=\"elementor-spacer\">\n\t\t\t<div class=\"elementor-spacer-inner\"><\/div>\n\t\t<\/div>\n\t\t\t\t<\/div>\n\t\t\t\t<\/div>\n\t\t\t\t\t<\/div>\n\t\t<\/div>\n\t\t\t\t\t\t\t<\/div>\n\t\t<\/section>\n\t\t\t\t<section class=\"elementor-section elementor-top-section elementor-element elementor-element-8acf193 ct-section-stretched elementor-section-boxed elementor-section-height-default elementor-section-height-default wpr-particle-no wpr-jarallax-no wpr-parallax-no wpr-sticky-section-no\" data-id=\"8acf193\" data-element_type=\"section\" data-settings=\"{&quot;background_background&quot;:&quot;classic&quot;}\">\n\t\t\t\t\t\t<div class=\"elementor-container elementor-column-gap-default\">\n\t\t\t\t\t<div class=\"elementor-column elementor-col-100 elementor-top-column elementor-element elementor-element-864661b\" data-id=\"864661b\" data-element_type=\"column\">\n\t\t\t<div class=\"elementor-widget-wrap elementor-element-populated\">\n\t\t\t\t\t\t\t\t<section class=\"elementor-section elementor-inner-section elementor-element elementor-element-6199683 elementor-section-boxed elementor-section-height-default elementor-section-height-default wpr-particle-no wpr-jarallax-no wpr-parallax-no wpr-sticky-section-no\" data-id=\"6199683\" data-element_type=\"section\" data-settings=\"{&quot;background_background&quot;:&quot;classic&quot;}\">\n\t\t\t\t\t\t<div class=\"elementor-container elementor-column-gap-default\">\n\t\t\t\t\t<div class=\"elementor-column elementor-col-100 elementor-inner-column elementor-element elementor-element-d2b6a27\" data-id=\"d2b6a27\" data-element_type=\"column\">\n\t\t\t<div class=\"elementor-widget-wrap elementor-element-populated\">\n\t\t\t\t\t\t\t\t<div class=\"elementor-element elementor-element-ce1d246 elementor-widget elementor-widget-text-editor\" data-id=\"ce1d246\" data-element_type=\"widget\" data-widget_type=\"text-editor.default\">\n\t\t\t\t<div class=\"elementor-widget-container\">\n\t\t\t<style>\/*! elementor - v3.17.0 - 08-11-2023 *\/\n.elementor-widget-text-editor.elementor-drop-cap-view-stacked .elementor-drop-cap{background-color:#69727d;color:#fff}.elementor-widget-text-editor.elementor-drop-cap-view-framed .elementor-drop-cap{color:#69727d;border:3px solid;background-color:transparent}.elementor-widget-text-editor:not(.elementor-drop-cap-view-default) .elementor-drop-cap{margin-top:8px}.elementor-widget-text-editor:not(.elementor-drop-cap-view-default) .elementor-drop-cap-letter{width:1em;height:1em}.elementor-widget-text-editor .elementor-drop-cap{float:left;text-align:center;line-height:1;font-size:50px}.elementor-widget-text-editor .elementor-drop-cap-letter{display:inline-block}<\/style>\t\t\t\t<p>\u00a0Son r\u00f4le en tant qu&#8217;\u00e9diteur a permis de diffuser davantage de connaissances et de partager les expertises de diff\u00e9rents \u00e9crivains, contribuant ainsi \u00e0 l&#8217;enrichissement de la bibliographie sur ces sujets.<br \/>Gr\u00e2ce \u00e0 ses contributions en tant qu&#8217;auteur, co-auteur et \u00e9diteur, il a jou\u00e9 un r\u00f4le essentiel dans la diffusion du savoir et la promotion de l&#8217;apith\u00e9rapie et de l&#8217;apiculture. Ses livres sont une ressource pr\u00e9cieuse pour les praticiens, les chercheurs et les passionn\u00e9s souhaitant approfondir leur compr\u00e9hension de ces domaines passionnants et en constante \u00e9volution.<\/p>\t\t\t\t\t\t<\/div>\n\t\t\t\t<\/div>\n\t\t\t\t<div class=\"elementor-element elementor-element-b5f3172 elementor-widget elementor-widget-text-editor\" data-id=\"b5f3172\" data-element_type=\"widget\" data-widget_type=\"text-editor.default\">\n\t\t\t\t<div class=\"elementor-widget-container\">\n\t\t\t\t\t\t\t<p>En tant que g\u00e9rant des \u00e9ditions Baroch depuis 2010, Roch Domerego supervise les activit\u00e9s de cette maison d&#8217;\u00e9dition sp\u00e9cialis\u00e9e dans la litt\u00e9rature en apith\u00e9rapie et d&#8217;autres domaines connexes. La mission de cette petite entreprise est ax\u00e9e sur \u00ab\u00a0l&#8217;\u00e9cologie du corps et de l&#8217;esprit\u00a0\u00bb. Elle publie des ouvrages sp\u00e9cialis\u00e9s dans le domaine de l&#8217;apiculture, de la sant\u00e9 naturelle, de l&#8217;agriculture biologique, de la spiritualit\u00e9, de la psychologie et de la philosophie.<\/p><p>Sous la direction de Roch Domerego, Baroch Editions a r\u00e9ussi \u00e0 se faire un nom dans le monde de l&#8217;apiculture en produisant des livres de qualit\u00e9, tant sur le plan du contenu que de la pr\u00e9sentation graphique.<\/p><p><a href=\"http:\/\/www.barocheditions.com\">Baroch Editions<\/a> a toujours accord\u00e9 une grande importance \u00e0 la durabilit\u00e9 et \u00e0 la responsabilit\u00e9 sociale de l&#8217;entreprise. En effet, elle utilise du papier certifi\u00e9 FSC pour ses publications, utilise des encres v\u00e9g\u00e9tales. La maison d&#8217;\u00e9dition s&#8217;engage \u00e9galement \u00e0 soutenir les auteurs engag\u00e9s dans la pr\u00e9servation de la nature et des ressources naturelles.<\/p><p>En tant que directeur de Baroch Editions, Roch Domerego a r\u00e9ussi \u00e0 d\u00e9velopper une nouvelle branche d\u2019activit\u00e9 pour r\u00e9pondre aux besoins en constante \u00e9volution de l\u2019apprentissage de la lecture\u00a0: Bullalire (en Fran\u00e7ais) et Readincomics (pour l\u2019anglais).<\/p>\t\t\t\t\t\t<\/div>\n\t\t\t\t<\/div>\n\t\t\t\t\t<\/div>\n\t\t<\/div>\n\t\t\t\t\t\t\t<\/div>\n\t\t<\/section>\n\t\t\t\t\t<\/div>\n\t\t<\/div>\n\t\t\t\t\t\t\t<\/div>\n\t\t<\/section>\n\t\t\t\t<section class=\"elementor-section elementor-top-section elementor-element elementor-element-92ebde4 ct-section-stretched elementor-section-boxed elementor-section-height-default elementor-section-height-default wpr-particle-no wpr-jarallax-no wpr-parallax-no wpr-sticky-section-no\" data-id=\"92ebde4\" data-element_type=\"section\" data-settings=\"{&quot;background_background&quot;:&quot;classic&quot;}\">\n\t\t\t\t\t\t<div class=\"elementor-container elementor-column-gap-default\">\n\t\t\t\t\t<div class=\"elementor-column elementor-col-100 elementor-top-column elementor-element elementor-element-4bc733e\" data-id=\"4bc733e\" data-element_type=\"column\" data-settings=\"{&quot;background_background&quot;:&quot;classic&quot;}\">\n\t\t\t<div class=\"elementor-widget-wrap elementor-element-populated\">\n\t\t\t\t\t\t\t\t<div class=\"elementor-element elementor-element-a2d4c46 elementor-widget elementor-widget-heading\" data-id=\"a2d4c46\" data-element_type=\"widget\" data-widget_type=\"heading.default\">\n\t\t\t\t<div class=\"elementor-widget-container\">\n\t\t\t<style>\/*! elementor - v3.17.0 - 08-11-2023 *\/\n.elementor-heading-title{padding:0;margin:0;line-height:1}.elementor-widget-heading .elementor-heading-title[class*=elementor-size-]>a{color:inherit;font-size:inherit;line-height:inherit}.elementor-widget-heading .elementor-heading-title.elementor-size-small{font-size:15px}.elementor-widget-heading .elementor-heading-title.elementor-size-medium{font-size:19px}.elementor-widget-heading .elementor-heading-title.elementor-size-large{font-size:29px}.elementor-widget-heading .elementor-heading-title.elementor-size-xl{font-size:39px}.elementor-widget-heading .elementor-heading-title.elementor-size-xxl{font-size:59px}<\/style><h3 class=\"elementor-heading-title elementor-size-default\">MAISON D'EDITIONS BAROCH<\/h3>\t\t<\/div>\n\t\t\t\t<\/div>\n\t\t\t\t<div class=\"elementor-element elementor-element-aac790c elementor-widget elementor-widget-text-editor\" data-id=\"aac790c\" data-element_type=\"widget\" data-widget_type=\"text-editor.default\">\n\t\t\t\t<div class=\"elementor-widget-container\">\n\t\t\t\t\t\t\t<p>Baroch \u00c9ditions est une maison d&#8217;\u00e9dition cr\u00e9\u00e9e en France il y a plus de 13 ans par Roch Domerego. Elle se distingue par sa ligne \u00e9ditoriale centr\u00e9e sur l&#8217;\u00e9cologie du corps et de l&#8217;esprit, mettant en avant des ouvrages qui encouragent la r\u00e9flexion sur l&#8217;harmonie entre l&#8217;homme et son environnement.<\/p><p>Le catalogue de Baroch \u00c9ditions compte une vingtaine de titres, chacun \u00e9crit par des auteurs passionnants et passionn\u00e9s. Les ouvrages publi\u00e9s abordent des sujets tels que le bien-\u00eatre, la sant\u00e9 naturelle, la spiritualit\u00e9, l&#8217;\u00e9cologie, l&#8217;alimentation saine, la m\u00e9ditation et bien d&#8217;autres encore.<\/p><p>Chez Baroch \u00c9ditions, le choix des titres publi\u00e9s est effectu\u00e9 avec soin, en s&#8217;assurant que chaque livre correspond parfaitement \u00e0 la vision \u00e9ditoriale de la maison. Les auteurs sont \u00e9galement choisis pour leur exp\u00e9rience et leur expertise dans leur domaine de pr\u00e9dilection, ainsi que pour leur capacit\u00e9 \u00e0 communiquer leur passion leur grain de folie et leur savoir avec clart\u00e9 et simplicit\u00e9.<\/p><p>\u00a0<\/p>\t\t\t\t\t\t<\/div>\n\t\t\t\t<\/div>\n\t\t\t\t<div class=\"elementor-element elementor-element-ac38e1d wpr-button-icon-style-inline wpr-button-icon-position-right elementor-widget elementor-widget-wpr-button\" data-id=\"ac38e1d\" data-element_type=\"widget\" data-widget_type=\"wpr-button.default\">\n\t\t\t\t<div class=\"elementor-widget-container\">\n\t\t\t\t\n\t\t\t\n\t\t\n\t\t<div class=\"wpr-button-wrap elementor-clearfix\">\n\t\t<a class=\"wpr-button wpr-button-effect wpr-button-isi-left\" data-text=\"Go\" href=\"https:\/\/barocheditions.com\/?post_type=product\" target=\"_blank\">\n\t\t\t\n\t\t\t<span class=\"wpr-button-content\">\n\t\t\t\t\t\t\t\t\t<span class=\"wpr-button-text\">BOUTIQUE BAROCH<\/span>\n\t\t\t\t\t\t\t\t\n\t\t\t\t\t\t\t\t\t<span class=\"wpr-button-icon\"><i class=\"icon icon-shopping-cart\"><\/i><\/span>\n\t\t\t\t\t\t\t<\/span>\n\t\t<\/a>\n\n\t\t\t\t<\/div>\n\t\n\t\n\t\t\t<\/div>\n\t\t\t\t<\/div>\n\t\t\t\t<div class=\"elementor-element elementor-element-bcc56dd elementor-align-center elementor-widget elementor-widget-button\" data-id=\"bcc56dd\" data-element_type=\"widget\" data-widget_type=\"button.default\">\n\t\t\t\t<div class=\"elementor-widget-container\">\n\t\t\t\t\t<div class=\"elementor-button-wrapper\">\n\t\t\t<a class=\"elementor-button elementor-button-link elementor-size-sm elementor-animation-grow\" href=\"http:\/\/www.barocheditions.com\">\n\t\t\t\t\t\t<span class=\"elementor-button-content-wrapper\">\n\t\t\t\t\t\t<span class=\"elementor-button-text\">Baroch Editions<\/span>\n\t\t<\/span>\n\t\t\t\t\t<\/a>\n\t\t<\/div>\n\t\t\t\t<\/div>\n\t\t\t\t<\/div>\n\t\t\t\t\t<\/div>\n\t\t<\/div>\n\t\t\t\t\t\t\t<\/div>\n\t\t<\/section>\n\t\t\t\t<section class=\"elementor-section elementor-top-section elementor-element elementor-element-7655d5c elementor-section-boxed elementor-section-height-default elementor-section-height-default wpr-particle-no wpr-jarallax-no wpr-parallax-no wpr-sticky-section-no\" data-id=\"7655d5c\" data-element_type=\"section\" data-settings=\"{&quot;background_background&quot;:&quot;classic&quot;}\">\n\t\t\t\t\t\t<div class=\"elementor-container elementor-column-gap-default\">\n\t\t\t\t\t<div class=\"elementor-column elementor-col-33 elementor-top-column elementor-element elementor-element-cff5294\" data-id=\"cff5294\" data-element_type=\"column\">\n\t\t\t<div class=\"elementor-widget-wrap elementor-element-populated\">\n\t\t\t\t\t\t\t\t<div class=\"elementor-element elementor-element-ccb8dbe elementor-widget elementor-widget-image\" data-id=\"ccb8dbe\" data-element_type=\"widget\" data-widget_type=\"image.default\">\n\t\t\t\t<div class=\"elementor-widget-container\">\n\t\t\t<style>\/*! elementor - v3.17.0 - 08-11-2023 *\/\n.elementor-widget-image{text-align:center}.elementor-widget-image a{display:inline-block}.elementor-widget-image a img[src$=\".svg\"]{width:48px}.elementor-widget-image img{vertical-align:middle;display:inline-block}<\/style>\t\t\t\t\t\t\t\t\t\t\t\t\t<a href=\"http:\/\/www.barocheditions.com\" target=\"_blank\">\n\t\t\t\t\t\t\t<img loading=\"lazy\" decoding=\"async\" width=\"150\" height=\"150\" src=\"https:\/\/www.domerego.com\/wp-content\/uploads\/2023\/05\/LOGO-BAROCH-EDITIONS-2-1-1-e1683724192354-150x150.jpeg\" class=\"elementor-animation-pulse attachment-thumbnail size-thumbnail wp-image-243\" alt=\"\" srcset=\"https:\/\/www.domerego.com\/wp-content\/uploads\/2023\/05\/LOGO-BAROCH-EDITIONS-2-1-1-e1683724192354-150x150.jpeg 150w, https:\/\/www.domerego.com\/wp-content\/uploads\/2023\/05\/LOGO-BAROCH-EDITIONS-2-1-1-e1683724192354-300x300.jpeg 300w, https:\/\/www.domerego.com\/wp-content\/uploads\/2023\/05\/LOGO-BAROCH-EDITIONS-2-1-1-e1683724192354-100x100.jpeg 100w\" sizes=\"auto, (max-width: 150px) 100vw, 150px\" \/>\t\t\t\t\t\t\t\t<\/a>\n\t\t\t\t\t\t\t\t\t\t\t\t\t\t\t<\/div>\n\t\t\t\t<\/div>\n\t\t\t\t\t<\/div>\n\t\t<\/div>\n\t\t\t\t<div class=\"elementor-column elementor-col-33 elementor-top-column elementor-element elementor-element-0bdf669\" data-id=\"0bdf669\" data-element_type=\"column\">\n\t\t\t<div class=\"elementor-widget-wrap elementor-element-populated\">\n\t\t\t\t\t\t\t\t<div class=\"elementor-element elementor-element-c0dfba8 elementor-widget elementor-widget-image\" data-id=\"c0dfba8\" data-element_type=\"widget\" data-widget_type=\"image.default\">\n\t\t\t\t<div class=\"elementor-widget-container\">\n\t\t\t\t\t\t\t\t\t\t\t\t\t\t\t\t<a href=\"https:\/\/www.readincomics.com\/\" target=\"_blank\">\n\t\t\t\t\t\t\t<img loading=\"lazy\" decoding=\"async\" width=\"300\" height=\"159\" src=\"https:\/\/www.domerego.com\/wp-content\/uploads\/2023\/05\/WhatsApp-Image-2023-05-04-at-18.41.30-300x159.jpeg\" class=\"elementor-animation-pulse attachment-medium size-medium wp-image-281\" alt=\"\" srcset=\"https:\/\/www.domerego.com\/wp-content\/uploads\/2023\/05\/WhatsApp-Image-2023-05-04-at-18.41.30-300x159.jpeg 300w, https:\/\/www.domerego.com\/wp-content\/uploads\/2023\/05\/WhatsApp-Image-2023-05-04-at-18.41.30.jpeg 436w\" sizes=\"auto, (max-width: 300px) 100vw, 300px\" \/>\t\t\t\t\t\t\t\t<\/a>\n\t\t\t\t\t\t\t\t\t\t\t\t\t\t\t<\/div>\n\t\t\t\t<\/div>\n\t\t\t\t\t<\/div>\n\t\t<\/div>\n\t\t\t\t<div class=\"elementor-column elementor-col-33 elementor-top-column elementor-element elementor-element-8743641\" data-id=\"8743641\" data-element_type=\"column\">\n\t\t\t<div class=\"elementor-widget-wrap elementor-element-populated\">\n\t\t\t\t\t\t\t\t<div class=\"elementor-element elementor-element-071a643 elementor-widget elementor-widget-image\" data-id=\"071a643\" data-element_type=\"widget\" data-widget_type=\"image.default\">\n\t\t\t\t<div class=\"elementor-widget-container\">\n\t\t\t\t\t\t\t\t\t\t\t\t\t\t\t\t<a href=\"https:\/\/www.readincomics.com\/home\/\" target=\"_blank\">\n\t\t\t\t\t\t\t<img loading=\"lazy\" decoding=\"async\" width=\"300\" height=\"132\" src=\"https:\/\/www.domerego.com\/wp-content\/uploads\/2023\/05\/Logo-readIncomics-300x132.png\" class=\"elementor-animation-pulse attachment-medium size-medium wp-image-283\" alt=\"\" srcset=\"https:\/\/www.domerego.com\/wp-content\/uploads\/2023\/05\/Logo-readIncomics-300x132.png 300w, https:\/\/www.domerego.com\/wp-content\/uploads\/2023\/05\/Logo-readIncomics-600x263.png 600w, https:\/\/www.domerego.com\/wp-content\/uploads\/2023\/05\/Logo-readIncomics.png 755w\" sizes=\"auto, (max-width: 300px) 100vw, 300px\" \/>\t\t\t\t\t\t\t\t<\/a>\n\t\t\t\t\t\t\t\t\t\t\t\t\t\t\t<\/div>\n\t\t\t\t<\/div>\n\t\t\t\t\t<\/div>\n\t\t<\/div>\n\t\t\t\t\t\t\t<\/div>\n\t\t<\/section>\n\t\t\t\t<section class=\"elementor-section elementor-top-section elementor-element elementor-element-341be48 ct-section-stretched elementor-section-full_width elementor-section-height-default elementor-section-height-default wpr-particle-no wpr-jarallax-no wpr-parallax-no wpr-sticky-section-no\" data-id=\"341be48\" data-element_type=\"section\">\n\t\t\t\t\t\t<div class=\"elementor-container elementor-column-gap-default\">\n\t\t\t\t\t<div class=\"elementor-column elementor-col-100 elementor-top-column elementor-element elementor-element-9274fe9\" data-id=\"9274fe9\" data-element_type=\"column\">\n\t\t\t<div class=\"elementor-widget-wrap elementor-element-populated\">\n\t\t\t\t\t\t\t\t<div class=\"elementor-element elementor-element-b13ba0f elementor-widget elementor-widget-spacer\" data-id=\"b13ba0f\" data-element_type=\"widget\" data-widget_type=\"spacer.default\">\n\t\t\t\t<div class=\"elementor-widget-container\">\n\t\t\t\t\t<div class=\"elementor-spacer\">\n\t\t\t<div class=\"elementor-spacer-inner\"><\/div>\n\t\t<\/div>\n\t\t\t\t<\/div>\n\t\t\t\t<\/div>\n\t\t\t\t\t<\/div>\n\t\t<\/div>\n\t\t\t\t\t\t\t<\/div>\n\t\t<\/section>\n\t\t\t\t<section class=\"elementor-section elementor-top-section elementor-element elementor-element-5100769 ct-section-stretched elementor-section-full_width elementor-section-height-default elementor-section-height-default wpr-particle-no wpr-jarallax-no wpr-parallax-no wpr-sticky-section-no\" data-id=\"5100769\" data-element_type=\"section\">\n\t\t\t\t\t\t<div class=\"elementor-container elementor-column-gap-default\">\n\t\t\t\t\t<div class=\"elementor-column elementor-col-100 elementor-top-column elementor-element elementor-element-e1216cd\" data-id=\"e1216cd\" data-element_type=\"column\">\n\t\t\t<div class=\"elementor-widget-wrap elementor-element-populated\">\n\t\t\t\t\t\t\t\t<div class=\"elementor-element elementor-element-77d5b82 elementor-widget elementor-widget-spacer\" data-id=\"77d5b82\" data-element_type=\"widget\" data-widget_type=\"spacer.default\">\n\t\t\t\t<div class=\"elementor-widget-container\">\n\t\t\t\t\t<div class=\"elementor-spacer\">\n\t\t\t<div class=\"elementor-spacer-inner\"><\/div>\n\t\t<\/div>\n\t\t\t\t<\/div>\n\t\t\t\t<\/div>\n\t\t\t\t\t<\/div>\n\t\t<\/div>\n\t\t\t\t\t\t\t<\/div>\n\t\t<\/section>\n\t\t\t\t\t\t\t<\/div>\n\t\t","protected":false},"excerpt":{"rendered":"<p>Roch Domerego s&#8217;est \u00e9galement engag\u00e9 en tant qu&#8217;\u00e9diteur, supervisant la publication de livres \u00e9crits par d&#8217;autres sp\u00e9cialistes de l&#8217;apiculture et de l&#8217;apith\u00e9rapie ou d\u2019autres sujet se r\u00e9f\u00e9rant toujours \u00e0 une \u00e9cologie qu\u2019elle soit du corps ou de l\u2019esprit. \u00a0Son r\u00f4le en tant qu&#8217;\u00e9diteur a permis de diffuser davantage de connaissances et de partager les expertises de diff\u00e9rents \u00e9crivains, contribuant ainsi \u00e0 l&#8217;enrichissement de la bibliographie sur ces sujets.Gr\u00e2ce \u00e0 ses contributions en tant qu&#8217;auteur, co-auteur et \u00e9diteur, il a jou\u00e9 un r\u00f4le essentiel dans la diffusion du savoir et la promotion de l&#8217;apith\u00e9rapie et de l&#8217;apiculture. Ses livres sont une\u2026<\/p>\n","protected":false},"author":1,"featured_media":0,"parent":0,"menu_order":0,"comment_status":"closed","ping_status":"closed","template":"","meta":{"footnotes":""},"class_list":["post-242","page","type-page","status-publish","hentry"],"blocksy_meta":"","_links":{"self":[{"href":"https:\/\/www.domerego.com\/index.php?rest_route=\/wp\/v2\/pages\/242","targetHints":{"allow":["GET"]}}],"collection":[{"href":"https:\/\/www.domerego.com\/index.php?rest_route=\/wp\/v2\/pages"}],"about":[{"href":"https:\/\/www.domerego.com\/index.php?rest_route=\/wp\/v2\/types\/page"}],"author":[{"embeddable":true,"href":"https:\/\/www.domerego.com\/index.php?rest_route=\/wp\/v2\/users\/1"}],"replies":[{"embeddable":true,"href":"https:\/\/www.domerego.com\/index.php?rest_route=%2Fwp%2Fv2%2Fcomments&post=242"}],"version-history":[{"count":172,"href":"https:\/\/www.domerego.com\/index.php?rest_route=\/wp\/v2\/pages\/242\/revisions"}],"predecessor-version":[{"id":1010,"href":"https:\/\/www.domerego.com\/index.php?rest_route=\/wp\/v2\/pages\/242\/revisions\/1010"}],"wp:attachment":[{"href":"https:\/\/www.domerego.com\/index.php?rest_route=%2Fwp%2Fv2%2Fmedia&parent=242"}],"curies":[{"name":"wp","href":"https:\/\/api.w.org\/{rel}","templated":true}]}}